{"id":52,"date":"2025-06-20T17:35:59","date_gmt":"2025-06-20T15:35:59","guid":{"rendered":"https:\/\/crescenedo.fr\/?page_id=52"},"modified":"2025-07-28T11:51:15","modified_gmt":"2025-07-28T09:51:15","slug":"la-troupe","status":"publish","type":"page","link":"https:\/\/crescenedo.fr\/index.php\/la-troupe\/","title":{"rendered":"La troupe"},"content":{"rendered":"\t\t<div data-elementor-type=\"wp-page\" data-elementor-id=\"52\" class=\"elementor elementor-52\">\n\t\t\t\t<div class=\"elementor-element elementor-element-cb15e37 e-flex e-con-boxed e-con e-parent\" data-id=\"cb15e37\" data-element_type=\"container\">\n\t\t\t\t\t<div class=\"e-con-inner\">\n\t\t<div class=\"elementor-element elementor-element-6961612 e-con-full e-flex e-con e-child\" data-id=\"6961612\" data-element_type=\"container\">\n\t\t\t\t<div class=\"elementor-element elementor-element-b821c9d elementor-widget elementor-widget-image\" data-id=\"b821c9d\" data-element_type=\"widget\" data-widget_type=\"image.default\">\n\t\t\t\t<div class=\"elementor-widget-container\">\n\t\t\t\t\t\t\t\t\t\t\t\t\t\t\t<img fetchpriority=\"high\" decoding=\"async\" width=\"2202\" height=\"426\" src=\"https:\/\/crescenedo.fr\/wp-content\/uploads\/2025\/07\/banniere-copie.jpg\" class=\"attachment-full size-full wp-image-109\" alt=\"\" srcset=\"https:\/\/crescenedo.fr\/wp-content\/uploads\/2025\/07\/banniere-copie.jpg 2202w, https:\/\/crescenedo.fr\/wp-content\/uploads\/2025\/07\/banniere-copie-300x58.jpg 300w, https:\/\/crescenedo.fr\/wp-content\/uploads\/2025\/07\/banniere-copie-1024x198.jpg 1024w, https:\/\/crescenedo.fr\/wp-content\/uploads\/2025\/07\/banniere-copie-768x149.jpg 768w, https:\/\/crescenedo.fr\/wp-content\/uploads\/2025\/07\/banniere-copie-1536x297.jpg 1536w, https:\/\/crescenedo.fr\/wp-content\/uploads\/2025\/07\/banniere-copie-2048x396.jpg 2048w\" sizes=\"(max-width: 2202px) 100vw, 2202px\" \/>\t\t\t\t\t\t\t\t\t\t\t\t\t\t\t<\/div>\n\t\t\t\t<\/div>\n\t\t<div class=\"elementor-element elementor-element-fdd4578 e-con-full e-flex e-con e-child\" data-id=\"fdd4578\" data-element_type=\"container\">\n\t\t\t\t<div class=\"elementor-element elementor-element-bde6262 elementor-widget elementor-widget-heading\" data-id=\"bde6262\" data-element_type=\"widget\" data-widget_type=\"heading.default\">\n\t\t\t\t<div class=\"elementor-widget-container\">\n\t\t\t\t\t<h2 class=\"elementor-heading-title elementor-size-default\">La troupe<\/h2>\t\t\t\t<\/div>\n\t\t\t\t<\/div>\n\t\t\t\t<\/div>\n\t\t\t\t<\/div>\n\t\t\t\t<div class=\"elementor-element elementor-element-6d659c4 elementor-invisible elementor-widget elementor-widget-image\" data-id=\"6d659c4\" data-element_type=\"widget\" data-settings=\"{&quot;_animation&quot;:&quot;slideInDown&quot;}\" data-widget_type=\"image.default\">\n\t\t\t\t<div class=\"elementor-widget-container\">\n\t\t\t\t\t\t\t\t\t\t\t\t\t\t\t<img decoding=\"async\" width=\"1024\" height=\"724\" src=\"https:\/\/crescenedo.fr\/wp-content\/uploads\/2025\/06\/CSD-PHOTO-TROUPE-NB-1024x724.png\" class=\"attachment-large size-large wp-image-15\" alt=\"\" srcset=\"https:\/\/crescenedo.fr\/wp-content\/uploads\/2025\/06\/CSD-PHOTO-TROUPE-NB-1024x724.png 1024w, https:\/\/crescenedo.fr\/wp-content\/uploads\/2025\/06\/CSD-PHOTO-TROUPE-NB-300x212.png 300w, https:\/\/crescenedo.fr\/wp-content\/uploads\/2025\/06\/CSD-PHOTO-TROUPE-NB-768x543.png 768w, https:\/\/crescenedo.fr\/wp-content\/uploads\/2025\/06\/CSD-PHOTO-TROUPE-NB-1536x1086.png 1536w\" sizes=\"(max-width: 1024px) 100vw, 1024px\" \/>\t\t\t\t\t\t\t\t\t\t\t\t\t\t\t<\/div>\n\t\t\t\t<\/div>\n\t\t\t\t\t<\/div>\n\t\t\t\t<\/div>\n\t\t<div class=\"elementor-element elementor-element-ab98102 e-grid e-con-boxed e-con e-parent\" data-id=\"ab98102\" data-element_type=\"container\">\n\t\t\t\t\t<div class=\"e-con-inner\">\n\t\t\t\t<div class=\"elementor-element elementor-element-63630a8 elementor-widget elementor-widget-text-editor\" data-id=\"63630a8\" data-element_type=\"widget\" data-widget_type=\"text-editor.default\">\n\t\t\t\t<div class=\"elementor-widget-container\">\n\t\t\t\t\t\t\t\t\t<p data-start=\"54\" data-end=\"146\"><strong>La troupe de Saint-Christophe-du-Bois a lanc\u00e9 l\u2019association Cr\u00e9-Sc\u00e8ne-Do en d\u00e9cembre 2006.<\/strong><\/p><p data-start=\"153\" data-end=\"636\" data-is-last-node=\"\">Ses missions ?<br data-start=\"167\" data-end=\"170\" \/>\u2022 Mettre \u00e0 l\u2019honneur l\u2019art sc\u00e9nique dans toutes ses formes \u2013 musique, chant, lumi\u00e8re, son, th\u00e9\u00e2tre, danse, d\u00e9cor\u2026<br data-start=\"285\" data-end=\"288\" \/>\u2022 Prioriser la cr\u00e9ation avec un esprit ouvert, curieux et en constante \u00e9volution.<br data-start=\"371\" data-end=\"374\" \/>\u2022 Encourager la responsabilit\u00e9, tant individuelle que collective, pour construire ensemble une \u0153uvre commune.<br data-start=\"485\" data-end=\"488\" \/>\u2022 Dynamiser les \u00e9changes et favoriser le dialogue interg\u00e9n\u00e9rationnel.<br data-start=\"559\" data-end=\"562\" \/>\u2022 Provoquer des moments forts, m\u00ealant \u00e9motion et plaisir pour le public.<\/p><p><strong>Les membres de la troupe 2025\u00a0<\/strong><\/p><p style=\"font-weight: 400;\">Cathy BLAIN, Anthony BLAIN, M.-Fran\u00e7oise\u00a0 BOISUMEAU, Jacques BOISUMEAU, M.-Claire FONTENEAU, Jo\u00ebl FONTENEAU, D\u00e9d\u00e9 GALAND, Marie GALAND, Laurent GAUTHIER, Olivier JINCHELEAU, Emmie JINCHELEAU, Laure JINCHELEAU, L\u00e9a JINCHELEAU, Ren\u00e9 JINCHELEAU, Genevi\u00e8ve JINCHELEAU, Dominique MANCEAU, Vincent MANCEAU, Etienne MOUSSEAU, Jean MOUSSEAU, Monique MOUSSEAU, Oc\u00e9ane NAULEAU, Cindy PENOT, Marie TRICOT, Christelle TRICOT, Jalie VIGNERON, Nina VIGNERON, Gu\u00e9na VIGNERON.<\/p>\t\t\t\t\t\t\t\t<\/div>\n\t\t\t\t<\/div>\n\t\t\t\t\t<\/div>\n\t\t\t\t<\/div>\n\t\t\t\t<\/div>\n\t\t","protected":false},"excerpt":{"rendered":"<p>La troupe La troupe de Saint-Christophe-du-Bois a lanc\u00e9 l\u2019association Cr\u00e9-Sc\u00e8ne-Do en d\u00e9cembre 2006. Ses missions ?\u2022 Mettre \u00e0 l\u2019honneur l\u2019art sc\u00e9nique dans toutes ses formes \u2013 musique, chant, lumi\u00e8re, son, th\u00e9\u00e2tre, danse, d\u00e9cor\u2026\u2022 Prioriser la cr\u00e9ation avec un esprit ouvert, curieux et en constante \u00e9volution.\u2022 Encourager la responsabilit\u00e9, tant individuelle que collective, pour construire ensemble [&hellip;]<\/p>\n","protected":false},"author":1,"featured_media":0,"parent":0,"menu_order":0,"comment_status":"closed","ping_status":"closed","template":"elementor_header_footer","meta":{"footnotes":""},"class_list":["post-52","page","type-page","status-publish","hentry"],"_links":{"self":[{"href":"https:\/\/crescenedo.fr\/index.php\/wp-json\/wp\/v2\/pages\/52","targetHints":{"allow":["GET"]}}],"collection":[{"href":"https:\/\/crescenedo.fr\/index.php\/wp-json\/wp\/v2\/pages"}],"about":[{"href":"https:\/\/crescenedo.fr\/index.php\/wp-json\/wp\/v2\/types\/page"}],"author":[{"embeddable":true,"href":"https:\/\/crescenedo.fr\/index.php\/wp-json\/wp\/v2\/users\/1"}],"replies":[{"embeddable":true,"href":"https:\/\/crescenedo.fr\/index.php\/wp-json\/wp\/v2\/comments?post=52"}],"version-history":[{"count":42,"href":"https:\/\/crescenedo.fr\/index.php\/wp-json\/wp\/v2\/pages\/52\/revisions"}],"predecessor-version":[{"id":866,"href":"https:\/\/crescenedo.fr\/index.php\/wp-json\/wp\/v2\/pages\/52\/revisions\/866"}],"wp:attachment":[{"href":"https:\/\/crescenedo.fr\/index.php\/wp-json\/wp\/v2\/media?parent=52"}],"curies":[{"name":"wp","href":"https:\/\/api.w.org\/{rel}","templated":true}]}}