{"id":63,"date":"2025-06-20T17:39:57","date_gmt":"2025-06-20T15:39:57","guid":{"rendered":"http:\/\/crescenedo.fr\/?page_id=63"},"modified":"2025-07-28T11:49:19","modified_gmt":"2025-07-28T09:49:19","slug":"spectacles","status":"publish","type":"page","link":"https:\/\/crescenedo.fr\/index.php\/spectacles\/","title":{"rendered":"Spectacles"},"content":{"rendered":"\t\t<div data-elementor-type=\"wp-page\" data-elementor-id=\"63\" class=\"elementor elementor-63\">\n\t\t\t\t<div class=\"elementor-element elementor-element-3f906c9 e-flex e-con-boxed e-con e-parent\" data-id=\"3f906c9\" data-element_type=\"container\">\n\t\t\t\t\t<div class=\"e-con-inner\">\n\t\t\t\t<div class=\"elementor-element elementor-element-7389b0b7 elementor-widget elementor-widget-image\" data-id=\"7389b0b7\" data-element_type=\"widget\" data-widget_type=\"image.default\">\n\t\t\t\t<div class=\"elementor-widget-container\">\n\t\t\t\t\t\t\t\t\t\t\t\t\t\t\t<img fetchpriority=\"high\" decoding=\"async\" width=\"2202\" height=\"426\" src=\"https:\/\/crescenedo.fr\/wp-content\/uploads\/2025\/07\/banniere-copie.jpg\" class=\"attachment-full size-full wp-image-109\" alt=\"\" srcset=\"https:\/\/crescenedo.fr\/wp-content\/uploads\/2025\/07\/banniere-copie.jpg 2202w, https:\/\/crescenedo.fr\/wp-content\/uploads\/2025\/07\/banniere-copie-300x58.jpg 300w, https:\/\/crescenedo.fr\/wp-content\/uploads\/2025\/07\/banniere-copie-1024x198.jpg 1024w, https:\/\/crescenedo.fr\/wp-content\/uploads\/2025\/07\/banniere-copie-768x149.jpg 768w, https:\/\/crescenedo.fr\/wp-content\/uploads\/2025\/07\/banniere-copie-1536x297.jpg 1536w, https:\/\/crescenedo.fr\/wp-content\/uploads\/2025\/07\/banniere-copie-2048x396.jpg 2048w\" sizes=\"(max-width: 2202px) 100vw, 2202px\" \/>\t\t\t\t\t\t\t\t\t\t\t\t\t\t\t<\/div>\n\t\t\t\t<\/div>\n\t\t\t\t<div class=\"elementor-element elementor-element-6db2e45 elementor-widget elementor-widget-heading\" data-id=\"6db2e45\" data-element_type=\"widget\" data-widget_type=\"heading.default\">\n\t\t\t\t<div class=\"elementor-widget-container\">\n\t\t\t\t\t<h2 class=\"elementor-heading-title elementor-size-default\">Nos spectacles<\/h2>\t\t\t\t<\/div>\n\t\t\t\t<\/div>\n\t\t\t\t\t<\/div>\n\t\t\t\t<\/div>\n\t\t<div class=\"elementor-element elementor-element-d3aca5b e-flex e-con-boxed e-con e-parent\" data-id=\"d3aca5b\" data-element_type=\"container\">\n\t\t\t\t\t<div class=\"e-con-inner\">\n\t\t\t\t<div class=\"elementor-element elementor-element-aafd8c3 elementor-widget elementor-widget-text-editor\" data-id=\"aafd8c3\" data-element_type=\"widget\" data-widget_type=\"text-editor.default\">\n\t\t\t\t<div class=\"elementor-widget-container\">\n\t\t\t\t\t\t\t\t\t<p>Saviez-vous que chaque spectacle est enti\u00e8rement con\u00e7u par notre troupe ? De l\u2019\u00e9criture des dialogues \u00e0 la cr\u00e9ation des musiques, des costumes aux d\u00e9cors, en passant par les chor\u00e9graphies, les lumi\u00e8res et les vid\u00e9os\u2026 Trois ann\u00e9es de travail collectif sont n\u00e9cessaires pour donner vie \u00e0 une \u0153uvre originale.<\/p>\t\t\t\t\t\t\t\t<\/div>\n\t\t\t\t<\/div>\n\t\t\t\t\t<\/div>\n\t\t\t\t<\/div>\n\t\t<div class=\"elementor-element elementor-element-490fd3c e-grid e-con-boxed e-con e-parent\" data-id=\"490fd3c\" data-element_type=\"container\">\n\t\t\t\t\t<div class=\"e-con-inner\">\n\t\t\t\t<div class=\"elementor-element elementor-element-e3712fa elementor-invisible elementor-widget elementor-widget-image\" data-id=\"e3712fa\" data-element_type=\"widget\" data-settings=\"{&quot;_animation&quot;:&quot;zoomIn&quot;}\" data-widget_type=\"image.default\">\n\t\t\t\t<div class=\"elementor-widget-container\">\n\t\t\t\t\t\t\t\t\t\t\t\t<figure class=\"wp-caption\">\n\t\t\t\t\t\t\t\t\t\t\t<a href=\"https:\/\/crescenedo.fr\/index.php\/spectacles\/origines-2\/\">\n\t\t\t\t\t\t\t<img decoding=\"async\" width=\"724\" height=\"1024\" src=\"https:\/\/crescenedo.fr\/wp-content\/uploads\/2025\/07\/Origines-copie-1-724x1024.jpg\" class=\"attachment-large size-large wp-image-126\" alt=\"\" srcset=\"https:\/\/crescenedo.fr\/wp-content\/uploads\/2025\/07\/Origines-copie-1-724x1024.jpg 724w, https:\/\/crescenedo.fr\/wp-content\/uploads\/2025\/07\/Origines-copie-1-212x300.jpg 212w, https:\/\/crescenedo.fr\/wp-content\/uploads\/2025\/07\/Origines-copie-1-768x1086.jpg 768w, https:\/\/crescenedo.fr\/wp-content\/uploads\/2025\/07\/Origines-copie-1-1086x1536.jpg 1086w, https:\/\/crescenedo.fr\/wp-content\/uploads\/2025\/07\/Origines-copie-1-1448x2048.jpg 1448w, https:\/\/crescenedo.fr\/wp-content\/uploads\/2025\/07\/Origines-copie-1.jpg 1768w\" sizes=\"(max-width: 724px) 100vw, 724px\" \/>\t\t\t\t\t\t\t\t<\/a>\n\t\t\t\t\t\t\t\t\t\t\t<figcaption class=\"widget-image-caption wp-caption-text\">2025-2026<\/figcaption>\n\t\t\t\t\t\t\t\t\t\t<\/figure>\n\t\t\t\t\t\t\t\t\t<\/div>\n\t\t\t\t<\/div>\n\t\t\t\t<div class=\"elementor-element elementor-element-8924070 elementor-widget elementor-widget-image\" data-id=\"8924070\" data-element_type=\"widget\" data-widget_type=\"image.default\">\n\t\t\t\t<div class=\"elementor-widget-container\">\n\t\t\t\t\t\t\t\t\t\t\t\t<figure class=\"wp-caption\">\n\t\t\t\t\t\t\t\t\t\t\t<a href=\"https:\/\/crescenedo.fr\/index.php\/spectacles\/mes-dieux\/\">\n\t\t\t\t\t\t\t<img decoding=\"async\" width=\"724\" height=\"1024\" src=\"https:\/\/crescenedo.fr\/wp-content\/uploads\/2025\/07\/AFFICHE-MES-DIEUX-724x1024.jpg\" class=\"attachment-large size-large wp-image-134\" alt=\"\" srcset=\"https:\/\/crescenedo.fr\/wp-content\/uploads\/2025\/07\/AFFICHE-MES-DIEUX-724x1024.jpg 724w, https:\/\/crescenedo.fr\/wp-content\/uploads\/2025\/07\/AFFICHE-MES-DIEUX-212x300.jpg 212w, https:\/\/crescenedo.fr\/wp-content\/uploads\/2025\/07\/AFFICHE-MES-DIEUX-768x1086.jpg 768w, https:\/\/crescenedo.fr\/wp-content\/uploads\/2025\/07\/AFFICHE-MES-DIEUX-1086x1536.jpg 1086w, https:\/\/crescenedo.fr\/wp-content\/uploads\/2025\/07\/AFFICHE-MES-DIEUX-1448x2048.jpg 1448w, https:\/\/crescenedo.fr\/wp-content\/uploads\/2025\/07\/AFFICHE-MES-DIEUX.jpg 1754w\" sizes=\"(max-width: 724px) 100vw, 724px\" \/>\t\t\t\t\t\t\t\t<\/a>\n\t\t\t\t\t\t\t\t\t\t\t<figcaption class=\"widget-image-caption wp-caption-text\">2019-2020<\/figcaption>\n\t\t\t\t\t\t\t\t\t\t<\/figure>\n\t\t\t\t\t\t\t\t\t<\/div>\n\t\t\t\t<\/div>\n\t\t\t\t<div class=\"elementor-element elementor-element-d3bae56 elementor-widget elementor-widget-image\" data-id=\"d3bae56\" data-element_type=\"widget\" data-widget_type=\"image.default\">\n\t\t\t\t<div class=\"elementor-widget-container\">\n\t\t\t\t\t\t\t\t\t\t\t\t<figure class=\"wp-caption\">\n\t\t\t\t\t\t\t\t\t\t\t<a href=\"https:\/\/crescenedo.fr\/index.php\/spectacles\/lespace-dun-reve\/\">\n\t\t\t\t\t\t\t<img loading=\"lazy\" decoding=\"async\" width=\"724\" height=\"1024\" src=\"https:\/\/crescenedo.fr\/wp-content\/uploads\/2025\/07\/AFFICHE-ESPACE-D-UN-REVEjpg-724x1024.jpg\" class=\"attachment-large size-large wp-image-136\" alt=\"\" srcset=\"https:\/\/crescenedo.fr\/wp-content\/uploads\/2025\/07\/AFFICHE-ESPACE-D-UN-REVEjpg-724x1024.jpg 724w, https:\/\/crescenedo.fr\/wp-content\/uploads\/2025\/07\/AFFICHE-ESPACE-D-UN-REVEjpg-212x300.jpg 212w, https:\/\/crescenedo.fr\/wp-content\/uploads\/2025\/07\/AFFICHE-ESPACE-D-UN-REVEjpg-768x1086.jpg 768w, https:\/\/crescenedo.fr\/wp-content\/uploads\/2025\/07\/AFFICHE-ESPACE-D-UN-REVEjpg-1086x1536.jpg 1086w, https:\/\/crescenedo.fr\/wp-content\/uploads\/2025\/07\/AFFICHE-ESPACE-D-UN-REVEjpg-1448x2048.jpg 1448w, https:\/\/crescenedo.fr\/wp-content\/uploads\/2025\/07\/AFFICHE-ESPACE-D-UN-REVEjpg.jpg 1754w\" sizes=\"(max-width: 724px) 100vw, 724px\" \/>\t\t\t\t\t\t\t\t<\/a>\n\t\t\t\t\t\t\t\t\t\t\t<figcaption class=\"widget-image-caption wp-caption-text\">2016-2017<\/figcaption>\n\t\t\t\t\t\t\t\t\t\t<\/figure>\n\t\t\t\t\t\t\t\t\t<\/div>\n\t\t\t\t<\/div>\n\t\t\t\t<div class=\"elementor-element elementor-element-2634985 elementor-widget elementor-widget-image\" data-id=\"2634985\" data-element_type=\"widget\" data-widget_type=\"image.default\">\n\t\t\t\t<div class=\"elementor-widget-container\">\n\t\t\t\t\t\t\t\t\t\t\t\t<figure class=\"wp-caption\">\n\t\t\t\t\t\t\t\t\t\t\t<a href=\"https:\/\/crescenedo.fr\/index.php\/spectacles\/oh-coeur-de-la-reine\/\">\n\t\t\t\t\t\t\t<img loading=\"lazy\" decoding=\"async\" width=\"724\" height=\"1024\" src=\"https:\/\/crescenedo.fr\/wp-content\/uploads\/2025\/07\/AFFICHE-OH-COEUR-DE-LA-REINE-724x1024.jpg\" class=\"attachment-large size-large wp-image-137\" alt=\"\" srcset=\"https:\/\/crescenedo.fr\/wp-content\/uploads\/2025\/07\/AFFICHE-OH-COEUR-DE-LA-REINE-724x1024.jpg 724w, https:\/\/crescenedo.fr\/wp-content\/uploads\/2025\/07\/AFFICHE-OH-COEUR-DE-LA-REINE-212x300.jpg 212w, https:\/\/crescenedo.fr\/wp-content\/uploads\/2025\/07\/AFFICHE-OH-COEUR-DE-LA-REINE-768x1086.jpg 768w, https:\/\/crescenedo.fr\/wp-content\/uploads\/2025\/07\/AFFICHE-OH-COEUR-DE-LA-REINE-1086x1536.jpg 1086w, https:\/\/crescenedo.fr\/wp-content\/uploads\/2025\/07\/AFFICHE-OH-COEUR-DE-LA-REINE-1448x2048.jpg 1448w, https:\/\/crescenedo.fr\/wp-content\/uploads\/2025\/07\/AFFICHE-OH-COEUR-DE-LA-REINE-scaled.jpg 1810w\" sizes=\"(max-width: 724px) 100vw, 724px\" \/>\t\t\t\t\t\t\t\t<\/a>\n\t\t\t\t\t\t\t\t\t\t\t<figcaption class=\"widget-image-caption wp-caption-text\">2013-2014<\/figcaption>\n\t\t\t\t\t\t\t\t\t\t<\/figure>\n\t\t\t\t\t\t\t\t\t<\/div>\n\t\t\t\t<\/div>\n\t\t\t\t<div class=\"elementor-element elementor-element-56b4785 elementor-widget elementor-widget-image\" data-id=\"56b4785\" data-element_type=\"widget\" data-widget_type=\"image.default\">\n\t\t\t\t<div class=\"elementor-widget-container\">\n\t\t\t\t\t\t\t\t\t\t\t\t<figure class=\"wp-caption\">\n\t\t\t\t\t\t\t\t\t\t\t<a href=\"https:\/\/crescenedo.fr\/index.php\/spectacles\/au-dela-dune-guerre\/\">\n\t\t\t\t\t\t\t<img loading=\"lazy\" decoding=\"async\" width=\"734\" height=\"1024\" src=\"https:\/\/crescenedo.fr\/wp-content\/uploads\/2025\/07\/AFFICHE-AU-DELA-D-UNE-GUERRE-734x1024.jpg\" class=\"attachment-large size-large wp-image-135\" alt=\"\" srcset=\"https:\/\/crescenedo.fr\/wp-content\/uploads\/2025\/07\/AFFICHE-AU-DELA-D-UNE-GUERRE-734x1024.jpg 734w, https:\/\/crescenedo.fr\/wp-content\/uploads\/2025\/07\/AFFICHE-AU-DELA-D-UNE-GUERRE-215x300.jpg 215w, https:\/\/crescenedo.fr\/wp-content\/uploads\/2025\/07\/AFFICHE-AU-DELA-D-UNE-GUERRE-768x1071.jpg 768w, https:\/\/crescenedo.fr\/wp-content\/uploads\/2025\/07\/AFFICHE-AU-DELA-D-UNE-GUERRE.jpg 1000w\" sizes=\"(max-width: 734px) 100vw, 734px\" \/>\t\t\t\t\t\t\t\t<\/a>\n\t\t\t\t\t\t\t\t\t\t\t<figcaption class=\"widget-image-caption wp-caption-text\">2008-2009<\/figcaption>\n\t\t\t\t\t\t\t\t\t\t<\/figure>\n\t\t\t\t\t\t\t\t\t<\/div>\n\t\t\t\t<\/div>\n\t\t\t\t<div class=\"elementor-element elementor-element-7595afd elementor-widget elementor-widget-image\" data-id=\"7595afd\" data-element_type=\"widget\" data-widget_type=\"image.default\">\n\t\t\t\t<div class=\"elementor-widget-container\">\n\t\t\t\t\t\t\t\t\t\t\t\t<figure class=\"wp-caption\">\n\t\t\t\t\t\t\t\t\t\t\t<a href=\"https:\/\/crescenedo.fr\/index.php\/spectacles\/dune-legende-a-une-identite\/\">\n\t\t\t\t\t\t\t<img loading=\"lazy\" decoding=\"async\" width=\"635\" height=\"573\" src=\"https:\/\/crescenedo.fr\/wp-content\/uploads\/2025\/07\/legende.jpg\" class=\"attachment-large size-large wp-image-722\" alt=\"\" srcset=\"https:\/\/crescenedo.fr\/wp-content\/uploads\/2025\/07\/legende.jpg 635w, https:\/\/crescenedo.fr\/wp-content\/uploads\/2025\/07\/legende-300x271.jpg 300w\" sizes=\"(max-width: 635px) 100vw, 635px\" \/>\t\t\t\t\t\t\t\t<\/a>\n\t\t\t\t\t\t\t\t\t\t\t<figcaption class=\"widget-image-caption wp-caption-text\">2005-2006<\/figcaption>\n\t\t\t\t\t\t\t\t\t\t<\/figure>\n\t\t\t\t\t\t\t\t\t<\/div>\n\t\t\t\t<\/div>\n\t\t\t\t\t<\/div>\n\t\t\t\t<\/div>\n\t\t\t\t<\/div>\n\t\t","protected":false},"excerpt":{"rendered":"<p>Nos spectacles Saviez-vous que chaque spectacle est enti\u00e8rement con\u00e7u par notre troupe ? De l\u2019\u00e9criture des dialogues \u00e0 la cr\u00e9ation des musiques, des costumes aux d\u00e9cors, en passant par les chor\u00e9graphies, les lumi\u00e8res et les vid\u00e9os\u2026 Trois ann\u00e9es de travail collectif sont n\u00e9cessaires pour donner vie \u00e0 une \u0153uvre originale. 2025-2026 2019-2020 2016-2017 2013-2014 2008-2009 [&hellip;]<\/p>\n","protected":false},"author":1,"featured_media":0,"parent":0,"menu_order":0,"comment_status":"closed","ping_status":"closed","template":"elementor_header_footer","meta":{"footnotes":""},"class_list":["post-63","page","type-page","status-publish","hentry"],"_links":{"self":[{"href":"https:\/\/crescenedo.fr\/index.php\/wp-json\/wp\/v2\/pages\/63","targetHints":{"allow":["GET"]}}],"collection":[{"href":"https:\/\/crescenedo.fr\/index.php\/wp-json\/wp\/v2\/pages"}],"about":[{"href":"https:\/\/crescenedo.fr\/index.php\/wp-json\/wp\/v2\/types\/page"}],"author":[{"embeddable":true,"href":"https:\/\/crescenedo.fr\/index.php\/wp-json\/wp\/v2\/users\/1"}],"replies":[{"embeddable":true,"href":"https:\/\/crescenedo.fr\/index.php\/wp-json\/wp\/v2\/comments?post=63"}],"version-history":[{"count":68,"href":"https:\/\/crescenedo.fr\/index.php\/wp-json\/wp\/v2\/pages\/63\/revisions"}],"predecessor-version":[{"id":860,"href":"https:\/\/crescenedo.fr\/index.php\/wp-json\/wp\/v2\/pages\/63\/revisions\/860"}],"wp:attachment":[{"href":"https:\/\/crescenedo.fr\/index.php\/wp-json\/wp\/v2\/media?parent=63"}],"curies":[{"name":"wp","href":"https:\/\/api.w.org\/{rel}","templated":true}]}}